{"id":101,"date":"2023-03-31T12:27:08","date_gmt":"2023-03-31T10:27:08","guid":{"rendered":"https:\/\/cipc.gov.sk\/cipcidsk\/?page_id=101"},"modified":"2024-01-12T18:27:19","modified_gmt":"2024-01-12T17:27:19","slug":"vyhlasenie-o-pristupnosti","status":"publish","type":"page","link":"https:\/\/cipc.gov.sk\/index.php\/vyhlasenie-o-pristupnosti\/","title":{"rendered":"Vyhl\u00e1senie o pr\u00edstupnosti"},"content":{"rendered":"\n<p class=\"wp-block-paragraph\">Centrum pre medzin\u00e1rodnopr\u00e1vnu ochranu det\u00ed a ml\u00e1de\u017ee m\u00e1 z\u00e1ujem zabezpe\u010di\u0165 pr\u00edstupnos\u0165 svojho webov\u00e9ho s\u00eddla v&nbsp;s\u00falade so z\u00e1konom \u010d. 95\/2019 Z. z. o informa\u010dn\u00fdch technol\u00f3gi\u00e1ch vo verejnej spr\u00e1ve a&nbsp;pr\u00edslu\u0161n\u00fdmi vykon\u00e1vac\u00edmi predpismi v rozsahu podmienok pod\u013ea smernice (E\u00da) 2016\/2102.<\/p>\n\n\n\n<p class=\"wp-block-paragraph\">Toto vyhl\u00e1senie o\u00a0pr\u00edstupnosti sa vz\u0165ahuje na webov\u00e9 s\u00eddlo <a href=\"https:\/\/cipc.gov.sk\" data-type=\"link\" data-id=\"cipc.gov.sk\">www.cipc.gov.sk<\/a>.<\/p>\n\n\n\n<h3 class=\"wp-block-heading\"><strong>Stav s\u00faladu<\/strong><\/h3>\n\n\n\n<p class=\"wp-block-paragraph\">Toto webov\u00e9 s\u00eddlo je v \u010diasto\u010dnom s\u00falade&nbsp;so z\u00e1konom \u010d. 95\/2019 Z. z. o informa\u010dn\u00fdch technol\u00f3gi\u00e1ch vo verejnej spr\u00e1ve a&nbsp;o&nbsp;zmene a&nbsp;doplnen\u00ed niektor\u00fdch z\u00e1konov v&nbsp;znen\u00ed neskor\u0161\u00edch predpisov a pr\u00edslu\u0161n\u00fdmi vykon\u00e1vac\u00edmi predpismi v rozsahu podmienok pod\u013ea smernice (E\u00da) 2016\/2102 vzh\u013eadom na prvky nes\u00faladu uveden\u00e9 ni\u017e\u0161ie.<\/p>\n\n\n\n<h3 class=\"wp-block-heading\"><strong>Nepr\u00edstupn\u00fd obsah<\/strong><\/h3>\n\n\n\n<p class=\"wp-block-paragraph\">Obsah uveden\u00fd ni\u017e\u0161ie nie je pr\u00edstupn\u00fd z t\u00fdchto d\u00f4vodov:<\/p>\n\n\n\n<ol class=\"wp-block-list\">\n<li>Nes\u00falad so smernicou (E\u00da) 2016\/2102 o pr\u00edstupnosti webov\u00fdch s\u00eddel a mobiln\u00fdch aplik\u00e1ci\u00ed subjektov verejn\u00e9ho sektora:<\/li>\n<\/ol>\n\n\n\n<ul class=\"wp-block-list\">\n<li>Obr\u00e1zky v&nbsp;PDF dokumentoch, log\u00e1, bannery, neobsahuj\u00fa alternat\u00edvny text. [Krit\u00e9rium \u00faspe\u0161nosti 1.1.1 Netextov\u00fd obsah]<\/li>\n\n\n\n<li>Niektor\u00e9 nadpisy na str\u00e1nke nie s\u00fa definovan\u00e9 s\u00e9manticky spr\u00e1vne. Tabu\u013eky v\u00a0textov\u00fdch dokumentoch (PDF, DOCX, ODT, \u2026) nemaj\u00fa definovan\u00e9 z\u00e1hlavie. Netabu\u013ekov\u00e9 d\u00e1ta s\u00fa prezentovan\u00e9 ako tabu\u013eka. [Krit\u00e9rium \u00faspe\u0161nosti 1.3.1 Inform\u00e1cie a vz\u00e1jomn\u00e9 vz\u0165ahy]<\/li>\n\n\n\n<li>Pre niektor\u00e9 hypertextov\u00e9 odkazy sa farba pou\u017e\u00edva ako jedin\u00fd rozli\u0161ovac\u00ed prostriedok od be\u017en\u00e9ho textu. [Krit\u00e9rium \u00faspe\u0161nosti 1.4.1 Pou\u017e\u00edvanie farieb]<\/li>\n\n\n\n<li>V\u00a0responz\u00edvnom dizajne sa niektor\u00e9 prvky nezobrazuj\u00fa rozl\u00ed\u0161ite\u013ene. [Krit\u00e9rium \u00faspe\u0161nosti 1.4.10 Zmena usporiadania obsahu]<\/li>\n\n\n\n<li>Niektor\u00e9 netextov\u00e9 prvky nemaj\u00fa dostato\u010dn\u00fd kontrast. [Krit\u00e9rium \u00faspe\u0161nosti 1.4.11 Kontrast netextov\u00fdch prvkov]<\/li>\n\n\n\n<li>Ch\u00fdbaj\u00face alebo nespr\u00e1vne definovan\u00e9 n\u00e1zvy PDF dokumentov. [Krit\u00e9rium \u00faspe\u0161nosti 2.4.2 Ka\u017ed\u00e1 str\u00e1nka m\u00e1 n\u00e1zov]<\/li>\n\n\n\n<li>Niektor\u00e9 odkazy nie s\u00fa dostato\u010dne zrozumite\u013en\u00e9 mimo kontext. [Krit\u00e9rium \u00faspe\u0161nosti 2.4.4 \u00da\u010del odkazu (v kontexte)]<\/li>\n\n\n\n<li>PDF dokumenty nemaj\u00fa vytvoren\u00e9 z\u00e1lo\u017eky z&nbsp;nadpisov. [Krit\u00e9rium \u00faspe\u0161nosti 2.4.5 Viacero sp\u00f4sobov]<\/li>\n\n\n\n<li>Tla\u010didlo pre zatvorenie menu v mobilnej verzii str\u00e1nky nem\u00e1 jednotne definovan\u00fd n\u00e1zov. [Krit\u00e9rium \u00faspe\u0161nosti 2.5.3 Popis v n\u00e1zve]<\/li>\n\n\n\n<li>Niektor\u00e9 PDF dokumenty nemaj\u00fa definovan\u00fd jazyk. [Krit\u00e9rium \u00faspe\u0161nosti 3.1.1 Jazyk str\u00e1nky]<\/li>\n\n\n\n<li>Indik\u00e1tor zamerania nie je na webovom s\u00eddle identifikovan\u00fd jednotne. [Krit\u00e9rium \u00faspe\u0161nosti 3.2.4 Konzistentn\u00e1 identifik\u00e1cia]<\/li>\n\n\n\n<li>Asisten\u010dn\u00e1 technol\u00f3gia neinformuje o otvoren\u00ed\/zatvoren\u00ed ponuky. [Krit\u00e9rium \u00faspe\u0161nosti 4.1.2 N\u00e1zov, funkcia, hodnota]<\/li>\n<\/ul>\n\n\n\n<ol class=\"wp-block-list\" start=\"2\">\n<li>Nes\u00falad so slovensk\u00fdmi v\u0161eobecne z\u00e1v\u00e4zn\u00fdmi pr\u00e1vnymi predpismi, upravuj\u00facimi \u0161tandardy t\u00fdkaj\u00face sa pr\u00edstupnosti webov\u00fdch s\u00eddel a mobiln\u00fdch aplik\u00e1cii:<\/li>\n<\/ol>\n\n\n\n<ul class=\"wp-block-list\">\n<li>Na str\u00e1nkach, ktor\u00e9 zverej\u0148uj\u00fa povinne zverej\u0148ovan\u00e9 inform\u00e1cie pod\u013ea osobitn\u00fdch predpisov, nie je uveden\u00fd d\u00e1tum vytvorenia str\u00e1nky a&nbsp;d\u00e1tum poslednej aktualiz\u00e1cie. [\u00a715 p\u00eds. k) vyhl\u00e1\u0161ky UPVII \u010d. 78\/2020 o \u0161tandardoch pre informa\u010dn\u00e9 technol\u00f3gie verejnej spr\u00e1vy]<\/li>\n\n\n\n<li>Niektor\u00e9 odkazy nemaj\u00fa uveden\u00fa v\u00fdznamovo v\u00fdsti\u017en\u00fa inform\u00e1ciu ako text odkazu. [\u00a716 p\u00eds. f) vyhl\u00e1\u0161ky UPVII \u010d. 78\/2020 o \u0161tandardoch pre informa\u010dn\u00e9 technol\u00f3gie verejnej spr\u00e1vy]<\/li>\n\n\n\n<li>Niektor\u00e9 odkazy nie s\u00fa doplnen\u00e9 o inform\u00e1ciu o&nbsp;form\u00e1te a ve\u013ekosti s\u00faboru. Pou\u017e\u00edvate\u013e nie je informovan\u00fd, \u017ee hypertextov\u00fd odkaz vedie na s\u00fabor in\u00e9ho form\u00e1tu (napr. RTF, DOCX, XLS, PDF, ZIP at\u010f.). [\u00a718 p\u00eds. i) vyhl\u00e1\u0161ky UPVII \u010d. 78\/2020 o \u0161tandardoch pre informa\u010dn\u00e9 technol\u00f3gie verejnej spr\u00e1vy]<\/li>\n<\/ul>\n\n\n\n<h3 class=\"wp-block-heading\"><strong>Vypracovanie tohto vyhl\u00e1senia o&nbsp;pr\u00edstupnosti<\/strong><\/h3>\n\n\n\n<p class=\"wp-block-paragraph\">Toto vyhl\u00e1senie bolo vypracovan\u00e9 12.1.2024.<\/p>\n\n\n\n<p class=\"wp-block-paragraph\">Vyhodnotenie s\u00faladu webov\u00e9ho s\u00eddla s&nbsp;po\u017eiadavkami z\u00e1kona \u010d. 95\/2019 Z. z. o informa\u010dn\u00fdch technol\u00f3gi\u00e1ch vo verejnej spr\u00e1ve a pr\u00edslu\u0161n\u00fdmi vykon\u00e1vac\u00edmi predpismi v rozsahu podmienok pod\u013ea smernice (E\u00da) 2016\/2102 bolo vykonan\u00e9 samohodnoten\u00edm.<\/p>\n\n\n\n<p class=\"wp-block-paragraph\">Vyhl\u00e1senie bolo naposledy skontrolovan\u00e9 12.1.2024.<\/p>\n\n\n\n<h3 class=\"wp-block-heading\"><strong>Sp\u00e4tn\u00e1 v\u00e4zba a&nbsp;kontaktn\u00e9 inform\u00e1cie<\/strong><\/h3>\n\n\n\n<p class=\"wp-block-paragraph\">V pr\u00edpade ak\u00fdchko\u013evek probl\u00e9mov s pr\u00edstupnos\u0165ou webov\u00e9ho s\u00eddla n\u00e1s, pros\u00edm, kontaktujte na e-mailovej adrese: <a href=\"mailto:info@cipc.gov.sk\">info@cipc.gov.sk<\/a>.\u00a0Spr\u00e1vcom a prev\u00e1dzkovate\u013eom webov\u00e9ho s\u00eddla je Centrum pre medzin\u00e1rodnopr\u00e1vnu ochranu det\u00ed a ml\u00e1de\u017ee.<\/p>\n\n\n\n<p class=\"wp-block-paragraph\"><\/p>\n\n\n\n<h3 class=\"wp-block-heading\"><strong>Vynucovacie konanie<\/strong><\/h3>\n\n\n\n<p class=\"wp-block-paragraph\">V&nbsp;pr\u00edpade neuspokojiv\u00fdch odpoved\u00ed na podnety alebo \u017eiadosti zaslan\u00e9 v&nbsp;r\u00e1mci sp\u00e4tnej v\u00e4zby subjektu verejn\u00e9ho sektora v&nbsp;s\u00falade s&nbsp;<a href=\"https:\/\/eur-lex.europa.eu\/legal-content\/SK\/TXT\/?uri=uriserv:OJ.L_.2016.327.01.0001.01.SLK&amp;toc=OJ:L:2016:327:TOC\">\u010dl. 7 ods. 1 p\u00edsm. b) smernice Eur\u00f3pskeho parlamentu 2016\/2102&nbsp;<\/a>sa m\u00f4\u017eete obr\u00e1ti\u0165 v&nbsp;r\u00e1mci vynucovacieho konania na subjekt poveren\u00fd presadzovan\u00edm Smernice, ktor\u00fdm je Ministerstvo invest\u00edci\u00ed, region\u00e1lneho rozvoja a informatiz\u00e1cie Slovenskej republiky a&nbsp;informatiz\u00e1ciu na e-mailovej adrese:&nbsp;<a href=\"mailto:standard@mirri.gov.sk\">standard@mirri.gov.sk<\/a><\/p>\n","protected":false},"excerpt":{"rendered":"<p>Centrum pre medzin\u00e1rodnopr\u00e1vnu ochranu det\u00ed a ml\u00e1de\u017ee m\u00e1 z\u00e1ujem zabezpe\u010di\u0165 pr\u00edstupnos\u0165 svojho webov\u00e9ho s\u00eddla v&nbsp;s\u00falade so z\u00e1konom \u010d. 95\/2019 Z. z. o informa\u010dn\u00fdch technol\u00f3gi\u00e1ch vo verejnej spr\u00e1ve a&nbsp;pr\u00edslu\u0161n\u00fdmi vykon\u00e1vac\u00edmi predpismi v rozsahu podmienok pod\u013ea smernice (E\u00da) 2016\/2102. Toto vyhl\u00e1senie o\u00a0pr\u00edstupnosti sa vz\u0165ahuje na webov\u00e9 s\u00eddlo www.cipc.gov.sk. Stav s\u00faladu Toto webov\u00e9 s\u00eddlo je v \u010diasto\u010dnom s\u00falade&nbsp;so z\u00e1konom \u010d. 95\/2019 Z. z. o informa\u010dn\u00fdch technol\u00f3gi\u00e1ch vo verejnej spr\u00e1ve a&nbsp;o&nbsp;zmene a&nbsp;doplnen\u00ed niektor\u00fdch z\u00e1konov v&nbsp;znen\u00ed neskor\u0161\u00edch predpisov a pr\u00edslu\u0161n\u00fdmi vykon\u00e1vac\u00edmi predpismi v rozsahu podmienok pod\u013ea smernice (E\u00da) 2016\/2102 vzh\u013eadom na prvky nes\u00faladu uveden\u00e9 ni\u017e\u0161ie. Nepr\u00edstupn\u00fd obsah Obsah uveden\u00fd ni\u017e\u0161ie nie je pr\u00edstupn\u00fd z t\u00fdchto d\u00f4vodov:&#8230;<\/p>\n","protected":false},"author":1,"featured_media":0,"parent":0,"menu_order":0,"comment_status":"closed","ping_status":"closed","template":"","meta":{"_crdt_document":"","footnotes":""},"class_list":["post-101","page","type-page","status-publish","hentry"],"_links":{"self":[{"href":"https:\/\/cipc.gov.sk\/index.php\/wp-json\/wp\/v2\/pages\/101","targetHints":{"allow":["GET"]}}],"collection":[{"href":"https:\/\/cipc.gov.sk\/index.php\/wp-json\/wp\/v2\/pages"}],"about":[{"href":"https:\/\/cipc.gov.sk\/index.php\/wp-json\/wp\/v2\/types\/page"}],"author":[{"embeddable":true,"href":"https:\/\/cipc.gov.sk\/index.php\/wp-json\/wp\/v2\/users\/1"}],"replies":[{"embeddable":true,"href":"https:\/\/cipc.gov.sk\/index.php\/wp-json\/wp\/v2\/comments?post=101"}],"version-history":[{"count":2,"href":"https:\/\/cipc.gov.sk\/index.php\/wp-json\/wp\/v2\/pages\/101\/revisions"}],"predecessor-version":[{"id":453,"href":"https:\/\/cipc.gov.sk\/index.php\/wp-json\/wp\/v2\/pages\/101\/revisions\/453"}],"wp:attachment":[{"href":"https:\/\/cipc.gov.sk\/index.php\/wp-json\/wp\/v2\/media?parent=101"}],"curies":[{"name":"wp","href":"https:\/\/api.w.org\/{rel}","templated":true}]}}