{"id":28,"date":"2023-03-30T16:53:10","date_gmt":"2023-03-30T14:53:10","guid":{"rendered":"https:\/\/cipc.gov.sk\/cipcidsk\/?page_id=28"},"modified":"2023-12-06T13:55:57","modified_gmt":"2023-12-06T12:55:57","slug":"starostlivost","status":"publish","type":"page","link":"https:\/\/cipc.gov.sk\/index.php\/starostlivost\/","title":{"rendered":"Starostlivos\u0165"},"content":{"rendered":"\n<p class=\"wp-block-paragraph\"><strong>Spolupr\u00e1ca vo veciach rodi\u010dovsk\u00fdch pr\u00e1v a povinnost\u00ed<\/strong><\/p>\n\n\n\n<p class=\"wp-block-paragraph\">Pres\u0165ahovanie do zahrani\u010diav s\u00fa\u010dasnom globalizovanom svete nie je faktick\u00fdm probl\u00e9mom, v bud\u00facnosti v\u0161ak m\u00f4\u017ee sp\u00f4sobi\u0165 pr\u00e1vne komplik\u00e1cie. \u017divot v zahrani\u010d\u00ed neznamen\u00e1 iba nov\u00e9 prostredie, jazyk, zvyklosti a kult\u00faru. Je ve\u013emi d\u00f4le\u017eit\u00e9 uvedomi\u0165 si, \u017ee ka\u017ed\u00fd \u0161t\u00e1t m\u00e1 svoj pr\u00e1vny poriadok a ka\u017ed\u00e1 osoba, ktor\u00e1 sa rozhodla \u017ei\u0165 na \u00fazem\u00ed cudzieho \u0161t\u00e1tu, mus\u00ed re\u0161pektova\u0165 jeho pr\u00e1vo a jurisdikciu. Ak niekto nedodr\u017eiava predpisy alebo poru\u0161uje z\u00e1kony \u0161t\u00e1tu, v ktorom sa nach\u00e1dza, m\u00f4\u017ee to ma\u0165 ve\u013emi v\u00e1\u017ene n\u00e1sledky nielen pre neho, ale aj pre jeho rodinu a okolie.<\/p>\n\n\n\n<p class=\"wp-block-paragraph\">Rodi\u010dia, ktor\u00ed zva\u017euj\u00fa pres\u0165ahovanie, resp. ktor\u00ed sa pres\u0165ahovali do zahrani\u010dia by mali po\u010d\u00edta\u0165 aspo\u0148 s t\u00fdmito d\u00f4sledkami<\/p>\n\n\n<ul>\n<li>musia sa riadi\u0165 pr\u00e1vnym poriadkom \u0161t\u00e1tu, kde bud\u00fa \u017ei\u0165,<\/li>\n<li>bud\u00fa na nich aplikova\u0165 \u0161tandardy miestnej soci\u00e1lno-pr\u00e1vnej ochrany det\u00ed a miestny syst\u00e9m soci\u00e1lnej podpory. Rodi\u010dia malolet\u00fdch det\u00ed by sa mali vopred informova\u0165 o pr\u00e1vnych predpisoch t\u00fdkaj\u00facich sa soci\u00e1lnopr\u00e1vnej ochrany det\u00ed v danej krajine a rovnako o miestnych zvyklostiach. Soci\u00e1lne org\u00e1ny v cudz\u00edch krajin\u00e1ch m\u00f4\u017eu v\u00fdchovu, rodi\u010dovsk\u00e9 postupy a podmienky, v ktor\u00fdch die\u0165a vyrast\u00e1, posudzova\u0165 v\u00fdrazne pr\u00edsnej\u0161ie.<\/li>\n<li>v mieste pobytu bud\u00fa rie\u0161i\u0165 aj zdravotn\u00fa starostlivos\u0165 o die\u0165a, poistenie die\u0165a\u0165a alebo \u0161kolsk\u00fa doch\u00e1dzku \u2013 ka\u017ed\u00fd syst\u00e9m m\u00e1 inak nastaven\u00e9 bezplatn\u00e9 a platen\u00e9 slu\u017eby,<\/li>\n<li>faktick\u00fd pobyt die\u0165a\u0165a spravidla zaklad\u00e1 pr\u00edslu\u0161nos\u0165 s\u00fadov dan\u00e9ho \u0161t\u00e1tu o die\u0165ati rozhodova\u0165 \u2013 teda rozhodova\u0165 o \u00faprave starostlivosti, vy\u017eivovacej povinnosti, od\u0148at\u00ed die\u0165a\u0165a z rodiny alebo o n\u00e1hradnej rodinnej starostlivosti.<\/li>\n<li style=\"list-style-type: none;\">\u00a0<\/li>\n<\/ul>\n<p><!-- \/wp:post-content --><\/p>\n<p><!-- wp:paragraph --><\/p>\n<p>Centrum pln\u00ed \u00falohy s\u00favisiace so zabezpe\u010den\u00edm cezhrani\u010dnej administrat\u00edvnej a pr\u00e1vnej pomoci vo veciach t\u00fdkaj\u00facich sa medzin\u00e1rodnej starostlivosti o\u00a0deti a\u00a0so spolupr\u00e1cou pri zhroma\u017e\u010fovan\u00ed a v\u00fdmene inform\u00e1ci\u00ed relevantn\u00fdch pre konanie vo veci rodi\u010dovsk\u00fdch pr\u00e1v a\u00a0povinnost\u00ed.<\/p>\n<p><!-- \/wp:paragraph --><\/p>\n<p><!-- wp:paragraph --><\/p>\n<p>\u00dastredn\u00e9 org\u00e1ny pracuj\u00fa na z\u00e1klade \u017eiadost\u00ed svojich partnersk\u00fdch \u00fastredn\u00fdch org\u00e1nov v in\u00fdch \u010dlensk\u00fdch \u0161t\u00e1toch alebo \u017eiadost\u00ed podan\u00fdch pr\u00edslu\u0161n\u00fdmi org\u00e1nmi, s\u00fadmi alebo jednotlivcami alebo organiz\u00e1ciami s rodi\u010dovsk\u00fdmi pr\u00e1vami a povinnos\u0165ami tak, aby dosiahli stanoven\u00e9 ciele medzin\u00e1rodn\u00fdch pr\u00e1vnych predpisov.<\/p>\n<p><!-- \/wp:paragraph --><\/p>\n<p><!-- wp:paragraph --><\/p>\n<p>Cie\u013eom tejto medzin\u00e1rodnej spolupr\u00e1ce je zabezpe\u010di\u0165 \u00fa\u010dinn\u00fa ochranu det\u00ed, ktor\u00e1 ako tak\u00e1 kladie osobitn\u00fd d\u00f4raz na v\u00fdmenu inform\u00e1ci\u00ed medzi pr\u00edslu\u0161n\u00fdmi org\u00e1nmi v ka\u017edom konkr\u00e9tnom pr\u00edpade, t. j. org\u00e1nmi, ako s\u00fa soci\u00e1lne \u00farady a s\u00fady.<\/p>\n<p><!-- \/wp:paragraph --><\/p>\n<p><!-- wp:paragraph --><\/p>\n<p>Centrum podporuje v\u00fdmenu inform\u00e1ci\u00ed v pr\u00edpadoch t\u00fdkaj\u00facich sa \u010dlensk\u00fdch \u0161t\u00e1tov Eur\u00f3pskej \u00fanie (okrem D\u00e1nska), najm\u00e4 pokia\u013e ide o:<\/p>\n<p><!-- \/wp:paragraph --><\/p>\n<ul>\n<li>cezhrani\u010dn\u00fd zber spr\u00e1v o soci\u00e1lnej situ\u00e1cii die\u0165a\u0165a a jeho okolia,<\/li>\n<li>podporu pri prij\u00edman\u00ed opatren\u00ed na ochranu osoby alebo majetku die\u0165a\u0165a,<\/li>\n<li>v\u00fdmenu inform\u00e1ci\u00ed o prebiehaj\u00facich konaniach alebo rozhodnutiach t\u00fdkaj\u00facich sa die\u0165a\u0165a, alebo in\u00fdch inform\u00e1ci\u00ed relevantn\u00fdch pre konania vo veciach rodi\u010dovsk\u00fdch pr\u00e1v.<\/li>\n<\/ul>\n<p>\u00a0<\/p>\n<p><strong>Umiestnenie die\u0165a\u0165a v inom \u010dlenskom \u0161t\u00e1te<\/strong><\/p>\n<p>Ak pr\u00edslu\u0161n\u00e9 s\u00fady alebo org\u00e1ny (napr\u00edklad soci\u00e1lne \u00farady) zam\u00fd\u0161\u013eaj\u00fa umiestni\u0165 die\u0165a do inej starostlivosti ako starostlivosti rodi\u010da v inom \u010dlenskom \u0161t\u00e1te Eur\u00f3pskej \u00fanie (s v\u00fdnimkou D\u00e1nska), mus\u00ed sa uskuto\u010dni\u0165 konzulta\u010dn\u00fd postup pod\u013ea \u010dl\u00e1nku 82 ods. Nariadenia Rady (E\u00da) 2019\/1111 z 25. j\u00fana 2019 o pr\u00e1vomoci a uzn\u00e1van\u00ed a v\u00fdkone rozhodnut\u00ed v man\u017eelsk\u00fdch veciach a vo veciach rodi\u010dovsk\u00fdch pr\u00e1v a povinnost\u00ed a o medzin\u00e1rodn\u00fdch \u00fanosoch det\u00ed (prepracovan\u00e9 znenie). Tento postup vy\u017eaduje zapojenie org\u00e1nov krajiny, v ktorej m\u00e1 by\u0165 die\u0165a umiestnen\u00e9 (tzv. prij\u00edmaj\u00faceho \u0161t\u00e1tu). \u017diados\u0165 sa mus\u00ed zasla\u0165 \u00fastredn\u00e9mu org\u00e1nu prij\u00edmaj\u00faceho \u0161t\u00e1tu prostredn\u00edctvom \u00fastredn\u00e9ho org\u00e1nu do\u017eaduj\u00faceho \u0161t\u00e1tu.<\/p>\n<p>Rovnako v\u00a0pr\u00edpade, ak sa umiestnenie (najm\u00e4 do \u00fastavnej starostlivosti alebo do pest\u00fanskej starostlivosti) nem\u00e1 uskuto\u010dni\u0165 v \u010dlenskom \u0161t\u00e1te Eur\u00f3pskej \u00fanie, ale v inom zmluvnom \u0161t\u00e1te Dohovoru o pr\u00e1vomoci, rozhodnom pr\u00e1ve, uzn\u00e1van\u00ed a v\u00fdkone a spolupr\u00e1ci v oblasti rodi\u010dovsk\u00fdch pr\u00e1v a povinnost\u00ed a opatren\u00ed na ochranu die\u0165a\u0165a, mus\u00ed sa v\u017edy z\u00edska\u0165 predch\u00e1dzaj\u00faci s\u00fahlas prij\u00edmaj\u00faceho \u0161t\u00e1tu. Zasielanie \u017eiadost\u00ed o\u00a0udelenie s\u00fahlasu prostredn\u00edctvom Centra ako \u00fastredn\u00e9ho org\u00e1nu nie je v tak\u00fdchto pr\u00edpadoch povinn\u00e9, napriek tomu sa odpor\u00fa\u010da.<\/p>\n<p><a href=\"https:\/\/e-justice.europa.eu\/38621\/SK\/crossborder_placement_of_a_child_including_foster_family \">Viac inform\u00e1ci\u00ed o cezhrani\u010dnom umiest\u0148ovan\u00ed die\u0165a\u0165a v r\u00e1mci Eur\u00f3pskej \u00fanie<\/a><\/p>\n<p><a href=\"https:\/\/www.hcch.net\/en\/instruments\/conventions\/specialised-sections\/child-protection\">Viac inform\u00e1ci\u00ed o cezhrani\u010dnom umiest\u0148ovan\u00ed die\u0165a\u0165a v r\u00e1mci zmluvn\u00fdch \u0161t\u00e1tov Dohovoru<\/a><\/p>","protected":false},"excerpt":{"rendered":"<p>Spolupr\u00e1ca vo veciach rodi\u010dovsk\u00fdch pr\u00e1v a povinnost\u00ed Pres\u0165ahovanie do zahrani\u010diav s\u00fa\u010dasnom globalizovanom svete nie je faktick\u00fdm probl\u00e9mom, v bud\u00facnosti v\u0161ak m\u00f4\u017ee sp\u00f4sobi\u0165 pr\u00e1vne komplik\u00e1cie. \u017divot v zahrani\u010d\u00ed neznamen\u00e1 iba nov\u00e9 prostredie, jazyk, zvyklosti a kult\u00faru. Je ve\u013emi d\u00f4le\u017eit\u00e9 uvedomi\u0165 si, \u017ee ka\u017ed\u00fd \u0161t\u00e1t m\u00e1 svoj pr\u00e1vny poriadok a ka\u017ed\u00e1 osoba, ktor\u00e1 sa rozhodla \u017ei\u0165 na \u00fazem\u00ed cudzieho \u0161t\u00e1tu, mus\u00ed re\u0161pektova\u0165 jeho pr\u00e1vo a jurisdikciu. Ak niekto nedodr\u017eiava predpisy alebo poru\u0161uje z\u00e1kony \u0161t\u00e1tu, v ktorom sa nach\u00e1dza, m\u00f4\u017ee to ma\u0165 ve\u013emi v\u00e1\u017ene n\u00e1sledky nielen pre neho, ale aj pre jeho rodinu a okolie. Rodi\u010dia, ktor\u00ed zva\u017euj\u00fa pres\u0165ahovanie, resp. ktor\u00ed sa pres\u0165ahovali do&#8230;<\/p>\n","protected":false},"author":1,"featured_media":0,"parent":0,"menu_order":0,"comment_status":"closed","ping_status":"closed","template":"","meta":{"_crdt_document":"","footnotes":""},"class_list":["post-28","page","type-page","status-publish","hentry"],"_links":{"self":[{"href":"https:\/\/cipc.gov.sk\/index.php\/wp-json\/wp\/v2\/pages\/28","targetHints":{"allow":["GET"]}}],"collection":[{"href":"https:\/\/cipc.gov.sk\/index.php\/wp-json\/wp\/v2\/pages"}],"about":[{"href":"https:\/\/cipc.gov.sk\/index.php\/wp-json\/wp\/v2\/types\/page"}],"author":[{"embeddable":true,"href":"https:\/\/cipc.gov.sk\/index.php\/wp-json\/wp\/v2\/users\/1"}],"replies":[{"embeddable":true,"href":"https:\/\/cipc.gov.sk\/index.php\/wp-json\/wp\/v2\/comments?post=28"}],"version-history":[{"count":7,"href":"https:\/\/cipc.gov.sk\/index.php\/wp-json\/wp\/v2\/pages\/28\/revisions"}],"predecessor-version":[{"id":221,"href":"https:\/\/cipc.gov.sk\/index.php\/wp-json\/wp\/v2\/pages\/28\/revisions\/221"}],"wp:attachment":[{"href":"https:\/\/cipc.gov.sk\/index.php\/wp-json\/wp\/v2\/media?parent=28"}],"curies":[{"name":"wp","href":"https:\/\/api.w.org\/{rel}","templated":true}]}}

Starostlivosť

<p class="wp-block-paragraph"><strong>Spolupráca vo veciach rodičovských práv a povinností</strong></p>



<p class="wp-block-paragraph">Presťahovanie do zahraničiav súčasnom globalizovanom svete nie je faktickým problémom, v budúcnosti však môže spôsobiť právne komplikácie. Život v zahraničí neznamená iba nové prostredie, jazyk, zvyklosti a kultúru. Je veľmi dôležité uvedomiť si, že každý štát má svoj právny poriadok a každá osoba, ktorá sa rozhodla žiť na území cudzieho štátu, musí rešpektovať jeho právo a jurisdikciu. Ak niekto nedodržiava predpisy alebo porušuje zákony štátu, v ktorom sa nachádza, môže to mať veľmi vážne následky nielen pre neho, ale aj pre jeho rodinu a okolie.</p>



<p class="wp-block-paragraph">Rodičia, ktorí zvažujú presťahovanie, resp. ktorí sa presťahovali do zahraničia by mali počítať aspoň s týmito dôsledkami</p>


<ul>
<li>musia sa riadiť právnym poriadkom štátu, kde budú žiť,</li>
<li>budú na nich aplikovať štandardy miestnej sociálno-právnej ochrany detí a miestny systém sociálnej podpory. Rodičia maloletých detí by sa mali vopred informovať o právnych predpisoch týkajúcich sa sociálnoprávnej ochrany detí v danej krajine a rovnako o miestnych zvyklostiach. Sociálne orgány v cudzích krajinách môžu výchovu, rodičovské postupy a podmienky, v ktorých dieťa vyrastá, posudzovať výrazne prísnejšie.</li>
<li>v mieste pobytu budú riešiť aj zdravotnú starostlivosť o dieťa, poistenie dieťaťa alebo školskú dochádzku – každý systém má inak nastavené bezplatné a platené služby,</li>
<li>faktický pobyt dieťaťa spravidla zakladá príslušnosť súdov daného štátu o dieťati rozhodovať – teda rozhodovať o úprave starostlivosti, vyživovacej povinnosti, odňatí dieťaťa z rodiny alebo o náhradnej rodinnej starostlivosti.</li>
<li style="list-style-type: none;"> </li>
</ul>
<p><!-- /wp:post-content --></p>
<p><!-- wp:paragraph --></p>
<p>Centrum plní úlohy súvisiace so zabezpečením cezhraničnej administratívnej a právnej pomoci vo veciach týkajúcich sa medzinárodnej starostlivosti o deti a so spoluprácou pri zhromažďovaní a výmene informácií relevantných pre konanie vo veci rodičovských práv a povinností.</p>
<p><!-- /wp:paragraph --></p>
<p><!-- wp:paragraph --></p>
<p>Ústredné orgány pracujú na základe žiadostí svojich partnerských ústredných orgánov v iných členských štátoch alebo žiadostí podaných príslušnými orgánmi, súdmi alebo jednotlivcami alebo organizáciami s rodičovskými právami a povinnosťami tak, aby dosiahli stanovené ciele medzinárodných právnych predpisov.</p>
<p><!-- /wp:paragraph --></p>
<p><!-- wp:paragraph --></p>
<p>Cieľom tejto medzinárodnej spolupráce je zabezpečiť účinnú ochranu detí, ktorá ako taká kladie osobitný dôraz na výmenu informácií medzi príslušnými orgánmi v každom konkrétnom prípade, t. j. orgánmi, ako sú sociálne úrady a súdy.</p>
<p><!-- /wp:paragraph --></p>
<p><!-- wp:paragraph --></p>
<p>Centrum podporuje výmenu informácií v prípadoch týkajúcich sa členských štátov Európskej únie (okrem Dánska), najmä pokiaľ ide o:</p>
<p><!-- /wp:paragraph --></p>
<ul>
<li>cezhraničný zber správ o sociálnej situácii dieťaťa a jeho okolia,</li>
<li>podporu pri prijímaní opatrení na ochranu osoby alebo majetku dieťaťa,</li>
<li>výmenu informácií o prebiehajúcich konaniach alebo rozhodnutiach týkajúcich sa dieťaťa, alebo iných informácií relevantných pre konania vo veciach rodičovských práv.</li>
</ul>
<p> </p>
<p><strong>Umiestnenie dieťaťa v inom členskom štáte</strong></p>
<p>Ak príslušné súdy alebo orgány (napríklad sociálne úrady) zamýšľajú umiestniť dieťa do inej starostlivosti ako starostlivosti rodiča v inom členskom štáte Európskej únie (s výnimkou Dánska), musí sa uskutočniť konzultačný postup podľa článku 82 ods. Nariadenia Rady (EÚ) 2019/1111 z 25. júna 2019 o právomoci a uznávaní a výkone rozhodnutí v manželských veciach a vo veciach rodičovských práv a povinností a o medzinárodných únosoch detí (prepracované znenie). Tento postup vyžaduje zapojenie orgánov krajiny, v ktorej má byť dieťa umiestnené (tzv. prijímajúceho štátu). Žiadosť sa musí zaslať ústrednému orgánu prijímajúceho štátu prostredníctvom ústredného orgánu dožadujúceho štátu.</p>
<p>Rovnako v prípade, ak sa umiestnenie (najmä do ústavnej starostlivosti alebo do pestúnskej starostlivosti) nemá uskutočniť v členskom štáte Európskej únie, ale v inom zmluvnom štáte Dohovoru o právomoci, rozhodnom práve, uznávaní a výkone a spolupráci v oblasti rodičovských práv a povinností a opatrení na ochranu dieťaťa, musí sa vždy získať predchádzajúci súhlas prijímajúceho štátu. Zasielanie žiadostí o udelenie súhlasu prostredníctvom Centra ako ústredného orgánu nie je v takýchto prípadoch povinné, napriek tomu sa odporúča.</p>
<p><a href="https://e-justice.europa.eu/38621/SK/crossborder_placement_of_a_child_including_foster_family ">Viac informácií o cezhraničnom umiestňovaní dieťaťa v rámci Európskej únie</a></p>
<p><a href="https://www.hcch.net/en/instruments/conventions/specialised-sections/child-protection">Viac informácií o cezhraničnom umiestňovaní dieťaťa v rámci zmluvných štátov Dohovoru</a></p>

<p>Spolupráca vo veciach rodičovských práv a povinností Presťahovanie do zahraničiav súčasnom globalizovanom svete nie je faktickým problémom, v budúcnosti však môže spôsobiť právne komplikácie. Život v zahraničí neznamená iba nové prostredie, jazyk, zvyklosti a kultúru. Je veľmi dôležité uvedomiť si, že každý štát má svoj právny poriadok a každá osoba, ktorá sa rozhodla žiť na území cudzieho štátu, musí rešpektovať jeho právo a jurisdikciu. Ak niekto nedodržiava predpisy alebo porušuje zákony štátu, v ktorom sa nachádza, môže to mať veľmi vážne následky nielen pre neho, ale aj pre jeho rodinu a okolie. Rodičia, ktorí zvažujú presťahovanie, resp. ktorí sa presťahovali do&#8230;</p>
